pose 4*v + 5*i = 22188 + 12993, 3*i = 3*v - 26352. What is the highest common divisor of 34 and v?
17
Let j(h) = 421*h + 7731. Let q be j(-18). Let n = 2 + -2. Let c be (-1 + n)/((-1)/17). What is the greatest common divisor of c and q?
17
Suppose 1732 = 3*z - 578*s + 580*s, -2876 = -5*z + 2*s. What is the highest common factor of 54 and z?
18
Suppose 4*x - 5*s = -255, s = -5*x - s - 327. Let j(p) = -62*p + 4081. Let h be j(67). Let k = x - h. Calculate the greatest common divisor of 1 and k.
1
Suppose 30 = -26*a + 732. Suppose a*i = 1438 + 182. Calculate the highest common factor of i and 84.
12
Let v = 592 - -260. What is the highest common divisor of 24 and v?
12
Let t be (169/364 - 4/(-14)) + 3393/52. Calculate the greatest common divisor of t and 242.
22
Let y be (-24790)/(-105) + 7 - (-2)/(-21). Suppose -3*v - y = -4*z - z, 0 = 3*z + 5*v - 139. What is the highest common factor of z and 368?
16
Suppose 2*t - 50 = h, -6*h + h - 42 = -2*t. Suppose -4*s - t = -18. Let d be (-1 - (6 + s)) + 45. Calculate the highest common divisor of d and 60.
20
Let r be (51/(-85))/((-3)/(-45)). Let u be (-64)/(-72)*42 + (-6)/r. Calculate the highest common factor of u and 266.
38
Let s = -22 - -14. Let n be (-107)/(-4)*(-2)/4*s. Let c = n - 91. What is the greatest common factor of c and 192?
16
Let k(b) = 23*b - 92. Let h be k(6). Let q be -4*(-7)/(-84) + h/3. What is the greatest common factor of q and 6?
3
Let j = -4379 + 4673. Calculate the greatest common divisor of 1323 and j.
147
Let r = -289 + 290. Let p(k) = 16*k - 7. Let q be p(r). What is the greatest common factor of q and 99?
9
Suppose -2*f = -5*a + 193, 0 = 2*a + 49*f - 45*f - 82. Calculate the greatest common divisor of 1807 and a.
13
Let v be ((-2)/(-4))/((-1)/(-50)). Let o be (-2)/(-5)*-6*v/(-10). Suppose o*k = 15 + 87. Calculate the greatest common divisor of k and 187.
17
Let b be (-6)/36 + 7430/12 + -2. Let z = -577 + b. What is the greatest common factor of z and 270?
10
Let p = 804 + -680. Calculate the greatest common factor of 124 and p.
124
Let p(f) be the first derivative of 33*f**3 + 2*f**2 + f + 46. Let n be p(-1). What is the highest common factor of n and 12?
12
Suppose 160*a + 158*a - 291*a = 169344. Calculate the highest common divisor of 196 and a.
196
Let g be 962*11/88 - (-1)/(-4). What is the highest common divisor of g and 1380?
60
Suppose 0 = -62*d - 1612 + 1860. What is the highest common divisor of 2180 and d?
4
Let g be ((-8736)/(-468))/(2/(-21)*-1). What is the highest common factor of g and 1484?
28
Let c be (10 + -10)/((-2)/(-4)*2). Suppose a - 14*a + 780 = c. What is the highest common divisor of 300 and a?
60
Suppose 0 = 23*u - 2498 - 745. Suppose -u*d + 140*d + 4 = 0. What is the highest common divisor of 76 and d?
4
Suppose -135 = -2*b + f, 2*b + f - 279 = -2*b. Let m(i) = -i**3 + 43*i**2 + 55*i + 68. Let v be m(44). What is the greatest common divisor of v and b?
69
Let g = -37 - -41. Let c be (-8)/16*(-51 + 1). Let x be (-498)/(-5) + (40/c)/g. What is the highest common divisor of x and 20?
20
Let o = 6861 + -4237. Let y be o/16 + (-1 - -7). What is the greatest common factor of 34 and y?
34
Suppose -t = 9*n - 12*n - 32, 132 = 5*t - n. Suppose 13*y - t = 26. Calculate the highest common factor of y and 44.
4
Suppose -14*m + 19 = -13*m. Let w = 1020 - 718. Suppose 2*q - 768 = -5*s, 5*s + 3*q = 470 + w. Calculate the highest common factor of s and m.
19
Let u(s) = 6*s**2 + 9*s + 63. Let b be u(7). What is the highest common divisor of b and 2268?
84
Suppose -5*l + 6*u + 10017 = 0, -5*l + 6*u = 2*u - 10013. Calculate the greatest common divisor of l and 69.
69
Let w = 262 - 250. Suppose 4*b - 4*l = 56, -3*b + 2*b = 5*l + 4. Suppose 0 = -3*v + d + b, -d = 4*v - 2*v - 4. What is the greatest common factor of w and v?
3
Suppose -14*u + 2181 = 697. Let c = u + -82. What is the highest common divisor of c and 64?
8
Suppose -2*m + 28 = -4. Let y be 7*5/70*-18. Let i be ((-91)/(-21) - 5)/(3/y). What is the greatest common factor of i and m?
2
Suppose -w + 32*c - 29*c + 133 = 0, -3*w + c = -343. What is the greatest common divisor of w and 1856?
16
Let k = 440 + -396. Let s(r) = 307*r**2 + 1. Let c(w) = -w**2 - 8*w + 8. Let i be c(-9). Let f be s(i). Calculate the greatest common factor of f and k.
44
Let w = -341 - -351. Suppose 0 = 3*h - 12, 8*s - 3*h = w*s - 24. Calculate the greatest common divisor of 12 and s.
6
Let b = 1940 - 1014. Suppose b - 684 = 2*w. Suppose 0 = -5*h + 26 + 29. Calculate the highest common divisor of w and h.
11
Let n be 96/48*-94*1/(-4). Calculate the greatest common factor of n and 2209.
47
Suppose 6*s + 741 - 993 = 0. Calculate the highest common divisor of 322 and s.
14
Let y be (-9)/(-117) + (-36)/117*-68. Calculate the highest common factor of y and 12439.
7
Suppose 5*d - v - 187 - 307 = 0, 0 = 2*d + 3*v - 184. Let f = -209 - -279. What is the greatest common divisor of d and f?
14
Suppose 0*y - 8 = -4*y. Let o(b) = 10*b**2 + 7*b - b**3 - 18 - y*b - 8*b. Let v be o(9). Calculate the greatest common divisor of 9 and v.
9
Suppose 0 = f - 14 + 19, -f - 109 = -2*r. Calculate the greatest common divisor of r and 78.
26
Suppose -5*y = 90*b - 91*b + 88, 5*b - 2*y = 532. Calculate the highest common divisor of 378 and b.
54
Suppose 0 = -3284*h + 3330*h - 276. What is the greatest common factor of h and 556?
2
Let i = -17 - -29. Let t be (-1 - -4)/(-2 + 42/12). Suppose -t*s = -s - 2*v - 64, -5*s + 296 = 2*v. What is the greatest common factor of i and s?
12
Suppose 0 = 4*r - 3*q - 2*q - 67, q = 1. Let g = -28 - 30. Let b = g - -202. What is the greatest common divisor of r and b?
18
Let h be (-10)/(-7 - 3563/(-511)). Let r = h + -325. Calculate the highest common factor of r and 110.
10
Let a be 1*(-3 - (0 - 8)). Let k be -3 - ((-600)/a + -7). Calculate the highest common factor of k and 31.
31
Let n(a) = -a**2 + 8*a - 3. Let g be n(4). Let b = -5121 - -5134. What is the greatest common factor of g and b?
13
Let g be (237/4)/(-1*5/100). Let b be (-1)/(-4) - g/60. What is the highest common factor of b and 36?
4
Suppose -1616*v + 126 = -1614*v. Let w(d) = -6*d**3 - 3*d**2 + 4*d - 5. Let k be w(-4). Calculate the highest common divisor of k and v.
63
Let p(u) = 9*u - 267. Let a be p(30). Let c be 0 + 112 + 8 + a + 1. What is the highest common factor of 155 and c?
31
Let u be 14/(-70) - (-8372)/10. Suppose u = 5*z + j - 1579, -3*j + 1440 = 3*z. What is the highest common factor of z and 44?
44
Suppose 1056 = -59129*q + 59140*q. What is the highest common factor of 39 and q?
3
Suppose 3*k + 776 = f, -3*f = -2*k - 1494 - 834. Let i = f - 680. What is the greatest common factor of i and 3?
3
Let t be 2 + 25/(-10) + (-45465)/(-30). Calculate the greatest common factor of t and 105.
15
Let j = -271 + 303. Let b = 22 + -1. Suppose 0 = m - 117 + b. What is the highest common factor of j and m?
32
Let m be 98/4*(235008/238)/36. What is the highest common divisor of m and 588?
84
Let j = -18 + 6. Let l be -1 + (-6)/j + (-14)/(-4). Suppose -l*a - b + 324 = 0, 0*a - 5*a + 3*b = -540. Calculate the highest common factor of 12 and a.
12
Let y(p) = -4*p**2 - 70*p + 38. Let j be y(-18). Suppose 4 = -d, j*t - 22*d + 17*d = 40. Calculate the highest common factor of t and 170.
10
Let q = 5923 - 5753. What is the greatest common divisor of 50 and q?
10
Let o be (-10)/6 + (-15766)/(-18)*3. What is the highest common factor of 606 and o?
202
Let b = -3838 + 3846. Calculate the highest common divisor of b and 3592.
8
Suppose 2*n - 5 = 3. Let l(o) = -o - 84. Let h(k) = 21. Let d(v) = 9*h(v) + 2*l(v). Let b be d(10). What is the highest common divisor of n and b?
1
Let r(x) = 302*x**2 - 8*x + 2. Let n be r(2). Let l be n/7 + (-21)/(-49). What is the greatest common divisor of l and 38?
19
Let t = 1 - 8. Let k be ((-10)/t)/((-11)/(-154)). Suppose 536 = 4*p + 2*n - 348, 0 = p - 5*n - 210. Calculate the greatest common factor of p and k.
20
Let m = 278 + -152. Let a = 137 - m. Calculate the greatest common divisor of 165 and a.
11
Let n(s) = -2*s**2 + 25*s + 55. Let b be n(-11). Let m = b + 530. What is the highest common factor of 34 and m?
34
Suppose -4*l - 807 = -5*c, -5*c + 0*l = l - 792. Calculate the highest common factor of c and 901.
53
Let b = -690 + 1340. L